61
Let y = 109 + -106. Suppose 740 = 4*z - n, -4*n = -7*z + y*z + 752. What are the prime factors of z?
2, 23
Let m be -17 - -9 - (0 - 0/2). List the prime factors of 12/(-32) + (-1099)/m.
137
Let z = -11 - -15. Suppose 4*v + 56 = 4*j, -2*v = z*j - 42 - 2. List the prime factors of j.
2, 3
Suppose 0 + 9 = 3*w. Suppose w = 3*u - 3. Suppose u*j + 2*z = 58, -120 = -4*j + 3*z - 8*z. List the prime factors of j.
5
Let q be 18/6 + 2/1. Suppose q*v + 234 = 74. Let h = v - -47. List the prime factors of h.
3, 5
Let c(l) = 3*l**2 - 10*l - 14. Let w be c(10). Suppose w = 2*j - 24. List the prime factors of j.
3, 5, 7
Let n(l) = -l + 38. Let g be n(-6). Let f = g - 17. List the prime factors of f.
3
What are the prime factors of ((-18635)/(-36) + 5/45)*4?
19, 109
Let r(c) = c**3 + 3*c**2 - c - 1. Let d be r(-3). Let t = 930 + -926. Suppose a - 30 = -a + d*w, 0 = 4*a + t*w - 76. List the prime factors of a.
17
Let i(s) = 138*s - 7. What are the prime factors of i(10)?
1373
Let n be 5 - 2/(-1)*-1. Suppose 0 = n*i - 9, 0 = 2*r + 5*i - 14 - 11. List the prime factors of r.
5
Suppose -13*q + 3157 = -5358. What are the prime factors of q?
5, 131
Suppose 0 = -1010*y + 1017*y - 7434. What are the prime factors of y?
2, 3, 59
Let c(g) = 25*g - 9. What are the prime factors of c(11)?
2, 7, 19
Let r be 2*(-14 - (-3)/3). Let g = r + 65. Let y = 63 - g. List the prime factors of y.
2, 3
Suppose 0 = h - 2*h. Suppose 0 = -5*q + 2*w, 3*w - w - 14 = -2*q. Suppose h*u = -q*u + 28. What are the prime factors of u?
2, 7
Let g = -790 - -1277. What are the prime factors of g?
487
Suppose -90916 = -24*u + 51164. What are the prime factors of u?
2, 5, 37
Suppose 8 = 4*c - 3*c. Suppose 12*v - c*v - 20 = 0. Suppose -v*m + 3*q = -351, -4*q - 8 = -0*q. List the prime factors of m.
3, 23
Suppose 5*w = 12 - 2. What are the prime factors of (w + -1)/((-6 + 0)/(-1902))?
317
Let l = -40 - -44. Suppose l*z = s + 360, -5*z - 4*s + 543 = 72. List the prime factors of z.
7, 13
List the prime factors of ((-262)/(-3))/(856/120 + -7).
5, 131
Let c = -24 + 30. Let g = 7 - c. Suppose -n + g = -10. List the prime factors of n.
11
Let f be ((-5)/(-3))/((-4)/(-12)). Suppose -3*q - 2*n = 10, -3*n - f = -q - 23. Let r = q + 66. What are the prime factors of r?
2, 3, 5
Suppose 4*f + 2 = -3*o, -o - 4*f - 4 - 2 = 0. Suppose o*k - 6*k = 48. What are the prime factors of 8/k*(-33)/2?
11
Suppose -4*s + 2*m = -451 - 83, -3*m = -s + 136. List the prime factors of s.
7, 19
Let g = 16 - 11. Suppose 23 - g = 3*c - 4*s, 0 = -2*s - 6. Suppose -16 = -c*l + l. What are the prime factors of l?
2
Let r be (-9)/(9/(-24)*2). Suppose 5*f = r + 8. Suppose -f*t + 32 = -52. List the prime factors of t.
3, 7
Suppose -s - 672 = -8*s. Suppose 0 = d - 5*d + s. List the prime factors of d.
2, 3
Let s(c) = -c**2 + 11*c - 8. Suppose -q = 5*z, -6*q = -5*q - 5*z - 20. Let i be s(q). Let l = 5 - i. What are the prime factors of l?
3
Suppose -3*z = 2*z - 75. Suppose 0 = 3*c - z + 75. Let a = -3 - c. What are the prime factors of a?
17
Let g = 15 + -29. Let v be (-15)/(-3)*(-20)/(-5). Let j = v + g. What are the prime factors of j?
2, 3
Suppose 11 = -4*t - 201. Let u = t - -182. Suppose 5*y - 75 = 3*y - r, 4*y - u = 5*r. What are the prime factors of y?
2, 3
Suppose -h + 4*h - 5*j - 45 = 0, -60 = -4*h + 5*j. Suppose -3*r = -h - 459. What are the prime factors of r?
2, 79
Let a be (144/(-27))/(1/(-3)). Suppose 2*i + 27 = 2*n - i, i = n - a. List the prime factors of n.
3, 7
Let j(u) = 20 + 16 + 15*u - 25. What are the prime factors of j(6)?
101
Let u(a) = a**3 - 11*a**2 + 11*a - 10. Let g be u(10). Suppose -t + g*z = 3*z - 29, t - 5*z = 5. Let f = t - 7. List the prime factors of f.
13
Let f be (-1)/((-40)/14 - -3). Let r(z) = -4*z + 5*z + 7 - 2*z. List the prime factors of r(f).
2, 7
Let v(k) be the second derivative of -k**5/20 - k**4/2 + 2*k**3/3 - k**2/2 + 17*k. List the prime factors of v(-7).
2, 5
Let u be 300/21 + (-2)/7. Suppose -11*n = -u*n + 138. Suppose 0 = 3*j - n - 59. What are the prime factors of j?
5, 7
Let c be ((-4)/(-6))/(1*(-2)/(-6)). Suppose 0 = -f + c*f - 126. List the prime factors of f.
2, 3, 7
Let s = 1955 - 1111. List the prime factors of s.
2, 211
Let m be (-4 - (-117)/3) + -2. Let d = m - -5. What are the prime factors of d?
2, 19
Suppose 0 = -4*q - 4*r + 1106 + 2098, -3*q - 5*r = -2403. List the prime factors of q.
3, 89
Let s(j) = 109*j**2 + 13*j + 4. List the prime factors of s(3).
2
Suppose -4*o + 1730 = 2*q, -34*q - 1725 = -4*o - 37*q. What are the prime factors of o?
3, 5, 29
Let p be 3/(-9) + (-344)/(-6). Let g = p - 28. What are the prime factors of g?
29
Let b = 29 - 31. What are the prime factors of 18*((-39)/12 + 3)*b?
3
Let l = 592 + -265. Suppose l - 17 = 5*t. List the prime factors of t.
2, 31
Let t(w) be the first derivative of 2*w**3 - 6. Let d be t(-1). What are the prime factors of (d/6)/((-2)/(-50))?
5
Suppose 0 = 5*j + 37*j - 31164. What are the prime factors of j?
2, 7, 53
Let k(w) be the first derivative of -w**4/4 + 4*w**3/3 - w**2/2 - 4*w - 8. Let r be k(3). Suppose -f = r*f - 78. What are the prime factors of f?
2, 13
Let x(a) = 9*a - 43. Let r(z) = 5*z - 22. Let d(y) = 11*r(y) - 6*x(y). Let u be d(0). Suppose 32 + u = 2*p. List the prime factors of p.
2, 3
Suppose -3*t - 2110 = -8*t. Suppose 3*d + t = 4*m, 0 = 2*m - m - 4*d - 99. What are the prime factors of m?
107
Suppose 17*m - 40*m = -18630. List the prime factors of m.
2, 3, 5
Suppose 0 = -3*q + 3*h + 8 + 4, 9 = 4*q + 3*h. Let s = 2 - q. What are the prime factors of 28 + -6 - (s - -4)?
19
Suppose -12 = -3*h + 9. Let d(m) = -2*m**2 + m + 2. Let c(a) = -a - 1. Let z(g) = 5*c(g) - d(g). What are the prime factors of z(h)?
7
Let j(v) = -v**3 - 8*v**2 - 21*v + 70. List the prime factors of j(-11).
2, 83
Let y = -761 - -1234. List the prime factors of y.
11, 43
Suppose -2*b + 28 = m, -3*m = 3*b + 2*b - 68. Let n be -5 - (1 + (-4)/2). Let d = b + n. List the prime factors of d.
2, 3
Let z = 554 + 170. List the prime factors of z.
2, 181
Suppose -5*r = 13 + 7, 0 = 5*f + 5*r + 30. Let d be f/((-5)/30*3). Suppose 7*n = 2*t + d*n - 151, 0 = -4*n - 20. What are the prime factors of t?
2, 17
Suppose -9*w = 3*w - 10272. What are the prime factors of w?
2, 107
Suppose -5*m = -4*z + 4, 0 = 4*z + 1 + 15. Let f be (-124)/(-5) + m/(-20). Suppose 0*v + 5*v - f = 0. List the prime factors of v.
5
Let g be (-1)/3 + (-34)/(-3). Let c be (-1 + 3 - 1) + 20. Suppose -2*o + c = -g. What are the prime factors of o?
2
Suppose -9*r + 726 = -3414. What are the prime factors of r?
2, 5, 23
Let l be ((-3)/(-6))/((-2)/4). Let k(n) = -106*n + 1. What are the prime factors of k(l)?
107
Let d(j) = -j**2 - 23*j - 9. Let z be (4/(-16))/((-8)/(-608)). What are the prime factors of d(z)?
67
Let w be 14/(-21) - 1/3. Let o be w - (-1)/(1/(-1)). List the prime factors of 1*((o - -3) + 10).
11
Suppose 3715 + 219 = 14*l. Suppose -109 = -6*a + l. List the prime factors of a.
5, 13
Suppose 0 = -63*p + 93794 - 11957. List the prime factors of p.
3, 433
Suppose -3*r + 28 = -32. Suppose 5*i + r = 5*d, -d - i + 3 = 1. What are the prime factors of 82/6 - d/(-9)?
2, 7
Let d = -7 - -20. Let j = -9 + d. Suppose -j*y + 2 = -3*y. What are the prime factors of y?
2
Let c = 305 + -261. List the prime factors of c.
2, 11
Suppose 6*d + 5004 = 9*d. List the prime factors of d.
2, 3, 139
Let v = 1 + 11. List the prime factors of v/((-5)/2 - -4).
2
Let w(q) = -3*q**2 + 9*q - 14. Let d be w(4). Let y = d + 29. What are the prime factors of 196/6 - 2/y?
2
Let f = 598 + -387. List the prime factors of f.
211
Let j(h) = -h**3 - 2*h**2 - 2*h. Let v be j(-2). Suppose 0 = -v*q - 9 + 5. List the prime factors of (92/(1/q))/(-2).
2, 23
Let y(c) be the first derivative of c**3/3 + 3*c**2/2 + 132*c + 50. List the prime factors of y(0).
2, 3, 11
Let l = -125 + 126. Suppose f - l = 22. What are the prime factors of f?
23
Let n = 379 - 200. Let o = -111 + n. List the prime factors of o.
2, 17
Let m(v) = v**2 + 1. Let j(b) = 38*b**2 + 5. Let a(i) = j(i) - 4*m(i). List the prime factors of a(-1).
5, 7
What are the prime factors of (-7284)/(-14) - 62/217?
2, 5, 13
Let c(z) = -z**3 + 23*z**2 - 31*z + 104. List the prime factors of c(21).
5, 67
Let i = 176 - -149. Suppose h + i = 5*s + 2*h, 3*s = 4*h + 